011010?
11011101010101
In base 16, what is 67 - -2b?
92
In base 16, what is 606 + -2?
604
In base 5, what is 14213 + 12404?
32122
In base 2, what is -10111011111 - 1000100110?
-100000000101
In base 4, what is 13 + -3322132?
-3322113
In base 11, what is -581a + 19?
-5801
In base 4, what is -10 + -3102333?
-3103003
In base 10, what is -706 - 240?
-946
In base 7, what is -220 + -1142?
-1362
In base 9, what is 2327223 - 2?
2327221
In base 2, what is 1000010000100111 - 1011?
1000010000011100
In base 16, what is 2029d - -4?
202a1
In base 3, what is 11021110 - -101022?
11122202
In base 9, what is 1 + -140500?
-140488
In base 13, what is -246 + 242?
-4
In base 10, what is -333277 - -3?
-333274
In base 13, what is 52 - -2a53?
2aa5
In base 14, what is -2c69 + 1?
-2c68
In base 3, what is 201 - 1210022?
-1202121
In base 3, what is 2 + -1202111?
-1202102
In base 2, what is 11111101 + 11110?
100011011
In base 2, what is 1011 - -10110011011?
10110100110
In base 13, what is 3ba26 + -1?
3ba25
In base 5, what is -333 - -21120?
20232
In base 10, what is -2 - -530640?
530638
In base 11, what is -10432 + 5?
-10428
In base 12, what is 13 - -b74?
b87
In base 7, what is -4 - -2262523?
2262516
In base 5, what is 21414 + 1?
21420
In base 15, what is -3 - -33763?
33760
In base 10, what is 15 - -113023?
113038
In base 14, what is b4 - 3a9?
-2d5
In base 9, what is -1651858 - 1?
-1651860
In base 2, what is 1 - -1011010010011010?
1011010010011011
In base 5, what is 10 - -20444340?
20444400
In base 10, what is 50 - 532?
-482
In base 12, what is 146 + -160?
-16
In base 5, what is -10 + -4030424?
-4030434
In base 8, what is -7 + 21472?
21463
In base 4, what is -22202031 + 11?
-22202020
In base 11, what is 15424 - -2?
15426
In base 13, what is -b + a4c2?
a4b4
In base 3, what is -210101122200 - 10?
-210101122210
In base 11, what is a377 + -1?
a376
In base 11, what is 64 + -5985?
-5921
In base 13, what is 51994 - 2?
51992
In base 11, what is 1318 + 127?
1444
In base 9, what is 7863 + -33?
7830
In base 2, what is 11 + 111001010001111?
111001010010010
In base 4, what is 1021133322 - 1?
1021133321
In base 5, what is -11134 + -3302?
-14441
In base 6, what is -1 + 30434?
30433
In base 2, what is 11 + -1111111000001010?
-1111111000000111
In base 16, what is 159c - -10?
15ac
In base 4, what is -1200001 - -300?
-1133101
In base 11, what is 3a3 - -147?
53a
In base 10, what is -269 + -2327?
-2596
In base 3, what is -200 - -21210112?
21202212
In base 9, what is -1 - 31351?
-31352
In base 9, what is -261 - -6238?
5867
In base 2, what is -11010110 + 110011101?
11000111
In base 10, what is -352 + -170?
-522
In base 11, what is 1660 + 175?
1825
In base 13, what is -2 - -bb415?
bb413
In base 9, what is 142 - 86?
45
In base 14, what is 2373a - -5?
23741
In base 2, what is 11101 + 1101011?
10001000
In base 8, what is 2243 + -1571?
452
In base 9, what is -7 - 618?
-626
In base 7, what is -1 - 10156?
-10160
In base 6, what is 532525 - 15?
532510
In base 9, what is -3 - -232141?
232137
In base 5, what is -1230444313 - 2?
-1230444320
In base 2, what is 1010000101 + 1011000?
1011011101
In base 12, what is 114b + 5a?
11a9
In base 2, what is -1001101000 - -111101111010?
110100010010
In base 14, what is -8ab + 499?
-412
In base 16, what is -db + -4b9?
-594
In base 15, what is 16e1e + 85?
16ea4
In base 16, what is 4 + -20e88?
-20e84
In base 13, what is 1859 + -872?
cb7
In base 7, what is -50462 + -1012?
-51504
In base 7, what is 50 + 2124?
2204
In base 3, what is -2001200 + 1112?
-2000011
In base 14, what is 10b76 + -c?
10b68
In base 13, what is c2 - ac02?
-ab10
In base 7, what is -1241322 + -4?
-1241326
In base 13, what is -9 + -66c03?
-66c0c
In base 8, what is 2034 + 6?
2042
In base 16, what is -1838c + 3?
-18389
In base 3, what is 12221020112 + -2?
12221020110
In base 5, what is 44413 - -1?
44414
In base 6, what is -3 - -203441?
203434
In base 3, what is 212021020022 + 1?
212021020100
In base 15, what is -d - -eba6?
eb98
In base 12, what is 23b - 24?
217
In base 14, what is c3 + 28?
10b
In base 6, what is -3205 - 1445?
-5054
In base 6, what is 40 + 2241235?
2241315
In base 7, what is -33 + 2204?
2141
In base 8, what is 5571 - -150?
5741
In base 2, what is 110100001011111 + 10000?
110100001101111
In base 13, what is 745 + 1a?
762
In base 15, what is 1 + -1b5a?
-1b59
In base 3, what is 1 - 2121012021?
-2121012020
In base 3, what is -200002010121 - 110?
-200002011001
In base 4, what is -210010 + -3?
-210013
In base 7, what is -50303 + -54?
-50360
In base 14, what is -751b + -5?
-7522
In base 16, what is 2 - 13df5?
-13df3
In base 3, what is 1010111 - 100110?
210001
In base 5, what is -2044 + 2210?
111
In base 15, what is 13096 - 59?
1303c
In base 8, what is 7 - -21722?
21731
In base 16, what is 2 + 90cd?
90cf
In base 14, what is 2 - 3b28?
-3b26
In base 15, what is -969 + 78?
-8e1
In base 10, what is 5 - 46834?
-46829
In base 16, what is 5 - -6ac3e?
6ac43
In base 5, what is -314 - -42420?
42101
In base 10, what is -9894 + 8?
-9886
In base 15, what is 39 - -5d7?
621
In base 8, what is 34245 + -13?
34232
In base 14, what is 9d3 + -25?
9ac
In base 2, what is 110000011010111100100 + 101?
110000011010111101001
In base 4, what is 210113100 + -2?
210113032
In base 4, what is 132012 + -230?
131122
In base 4, what is -3000 + -20303330?
-20312330
In base 12, what is -2 - -573a92?
573a90
In base 12, what is -298 - -742?
466
In base 8, what is -1 + 463372?
463371
In base 11, what is 252 + -36?
217
In base 12, what is 2989a - -2?
298a0
In base 9, what is -11 - 11611?
-11622
In base 8, what is -10 + 1240500?
1240470
In base 4, what is 1123 - 3212?
-2023
In base 6, what is -20332 + -23?
-20355
In base 12, what is 289 - 0?
289
In base 12, what is 934 - -47?
97b
In base 6, what is -104 + -34?
-142
In base 15, what is 214 - -46?
25a
In base 3, what is 2022 - 10100201?
-10021102
In base 13, what is 1b8 - 20?
198
In base 11, what is 67 - 193?
-127
In base 7, what is 16662 + 131?
20123
In base 13, what is -c4 + -1a1c?
-1b13
In base 9, what is -240 - -277?
37
In base 7, what is 551253 - -24?
551310
In base 16, what is 3 - 2658?
-2655
In base 6, what is -454 - 23012?
-23510
In base 16, what is -3 + -16da8?
-16dab
In base 12, what is -3 - -1724bb?
1724b8
In base 15, what is -3e - 9d6?
-a25
In base 3, what is -1100110202102 + -10?
-1100110202112
In base 4, what is 1033020220 - 30?
1033020130
In base 5, what is 202120340 - 0?
202120340
In base 6, what is 10 + -440543?
-440533
In base 7, what is 4 - 451310?
-451303
In base 2, what is 100111010011000 + 1001?
100111010100001
In base 10, what is 165 - -15633?
15798
In base 13, what is 179 + -4026?
-3b7a
In base 6, what is 14 - 234404?
-234350
In base 5, what is 2 + 14013?
14020
In base 12, what is 8a + 1b55?
2023
In base 7, what is 115 - 145?
-30
In base 11, what is -936a3 + 0?
-936a3
In base 9, what is -184 + -883?
-1177
In base 6, what is 405 - 12251?
-11442
In base 3, what is 121112222 + 11?
121120010
In base 16, what is -2 + 500?
4fe
In base 5, what is 41 - 114341?
-114300
In base 16, what is 6c3 - -36b?
a2e
In base 16, what is 6 - -9090?
9096
In base 7, what is -251 + -41333?
-41614
In base 2, what is -1111010 + -10011?
-10001101
In base 13, what is 2bb12 + 3?
2bb15
In base 5, what is 2014002111 - -10?
2014002121
In base 11, what is -1 - 501947?
-501948
In base 13, what is -1565b + 5?
-15656
In base 5, what is -32102 - -23?
-32024
In base 3, what is -2221001 + 200?
-2220101
In base 8, what is 306043 - -4?
306047
In base 2, what is 11 + 100101110101111?
100101110110010
In base 5, what is 1220 + 3344?
10114
In base 9, what is -28 - 70?
-108
In base 14, what is -2686d + 3?
-2686a
In base 5, what is 4 + 21312444?
21313003
In base 16, what is -5db + -6fb?
-cd6
In base 7, what is -10061 - -245?
-6513
In base 7, what is -11340 + -6?
-11346
In base 11, what is 141 - 17333?
-171a2
In base 4, what is 232 + 202210?
203102
In base 3, what is -20012 + 100210?
10121
In base 6, what is 344405 + -3?
344402
In base 13, what is 33a + 52?
38c
In base 7, what is -2111144 - -3?
-2111141
In base 8, what is -3 + -115405?
-115410
In base 7, what is -66 - -20561?
20462
In base 4, what is -3233211 + 10?
-3233201
In base 8, what is -62 + -211101?
-211163
In base 11, what is -17 + 1545?
1529
In base 5, wh